{"id":178,"date":"2024-07-11T11:27:10","date_gmt":"2024-07-11T09:27:10","guid":{"rendered":"http:\/\/www.aneasante.fr\/?page_id=178"},"modified":"2025-03-16T14:40:11","modified_gmt":"2025-03-16T13:40:11","slug":"cgu","status":"publish","type":"page","link":"http:\/\/www.aneasante.fr\/index.php\/cgu\/","title":{"rendered":"CGU"},"content":{"rendered":"\n<p class=\"has-text-align-center\"><br><em>CONDITIONS G\u00c9N\u00c9RALES D\u2019UTILISATION<\/em><br><em>En vigueur au 01\/01\/2024<\/em><\/p>\n\n\n\n<p class=\"has-black-color has-text-color has-link-color wp-elements-606d73bdad8f7ec619ddac99b611b6df\"><em>Les pr\u00e9sentes conditions g\u00e9n\u00e9rales d\u2019utilisation (dites \u00ab&nbsp;<strong>CGU<\/strong>&nbsp;\u00bb) ont pour objet l\u2019encadrement juridique des modalit\u00e9s de mise \u00e0 disposition du site et des services par IFY et de d\u00e9finir les<\/em>&nbsp;<em>conditions d\u2019acc\u00e8s et d\u2019utilisation des services par \u00ab&nbsp;<strong>l\u2019Utilisateur<\/strong>&nbsp;\u00bb. Les pr\u00e9sentes CGU sont accessibles sur le site \u00e0 la rubrique \u00ab<strong>CGU<\/strong>\u00bb.<\/em><\/p>\n\n\n\n<p class=\"has-text-color has-link-color wp-elements-505e5e2ff61d3c288ea2d3c5c4735274\" style=\"color:#70ac48\"><strong>ARTICLE 1 : LES MENTIONS L\u00c9GALES<\/strong><\/p>\n\n\n\n<p class=\"has-black-color has-text-color has-link-color wp-elements-4de8e98ec39cc36965fa8cec92a6dd54\"><em>L\u2019\u00e9dition du site www.aneasante.fr est assur\u00e9e par la Soci\u00e9t\u00e9 SAS ANEA au capital de<\/em>&nbsp;<em><br>39&nbsp;224,00 \u20ac euros, immatricul\u00e9e au RCS de NANTERRE sous le num\u00e9ro 819764408, dont le si\u00e8ge social est<\/em>&nbsp;<em>situ\u00e9 au PASSAGE DES ETANGS 92320 CHATILLON <\/em>.<br><em>Adresse e-mail : contact@aneasante.fr.<\/em><br><em>Le Directeur de la publication est : Antony CAZALA<\/em><br><em>Num\u00e9ro de TVA intracommunautaire : FR50819764408<\/em><\/p>\n\n\n\n<p class=\"has-black-color has-text-color has-link-color wp-elements-cd843100c1cf5f3df84a843d832e77b4\"><em>L\u2019h\u00e9bergeur du site www.aneasante.fr est la soci\u00e9t\u00e9 SAS OVH, dont le si\u00e8ge social est situ\u00e9 au<\/em>&nbsp;<em>2 RUE KELLERMANN 59100 ROUBAIX, avec le num\u00e9ro de t\u00e9l\u00e9phone : 09 72 10 10 07.<\/em><\/p>\n\n\n\n<p><strong>Index d\u2019\u00e9galit\u00e9 professionnelle femmes-hommes : 80\/100<\/strong><\/p>\n\n\n\n<p class=\"has-text-color has-link-color wp-elements-c301c7f7c4348055cdc5a571b66e8e22\" style=\"color:#70ac48\"><strong>ARTICLE 2 : ACC\u00c8S AU SITE<\/strong><\/p>\n\n\n\n<p class=\"has-black-color has-text-color has-link-color wp-elements-0543db8fe88aac60b0ed34195fb25412\"><em>Le site www.aneasante.fr permet \u00e0 l\u2019Utilisateur un acc\u00e8s gratuit aux services suivants :<\/em><br><em>Le site internet propose les services suivants :<\/em><br><em>Formulaire et information pour la soci\u00e9t\u00e9 Anea Sant\u00e9.<\/em><br><em>Le site est accessible gratuitement en tout lieu \u00e0 tout Utilisateur ayant un acc\u00e8s \u00e0 Internet. Tous les<\/em>&nbsp;<em>frais support\u00e9s par l\u2019Utilisateur pour acc\u00e9der au service (mat\u00e9riel informatique, logiciels, connexion Internet, etc.) sont \u00e0 sa charge.<\/em><\/p>\n\n\n\n<p class=\"has-text-color has-link-color wp-elements-56ca8df2b104277ec463fc31505782ea\" style=\"color:#70ac48\"><strong>ARTICLE 3 : COLLECTE DES DONN\u00c9ES<\/strong><\/p>\n\n\n\n<p class=\"has-black-color has-text-color has-link-color wp-elements-d56524c405cb03789b0c053b0ba2197a\"><em>Le site assure \u00e0 l\u2019Utilisateur une collecte et un traitement d\u2019informations personnelles dans le respect<\/em> <em>de la vie priv\u00e9e conform\u00e9ment \u00e0 la loi n\u00b078-17 du 6 janvier 1978 relative \u00e0 l\u2019informatique, aux fichiers<\/em> <em>et aux libert\u00e9s.<\/em><\/p>\n\n\n\n<p class=\"has-black-color has-text-color has-link-color wp-elements-e775656d5f8b176c125bf0c52d2240ed\"><em>En vertu de la loi Informatique et Libert\u00e9s, en date du 6 janvier 1978, l\u2019Utilisateur dispose d\u2019un droit<\/em> <em>d\u2019acc\u00e8s, de rectification, de suppression et d\u2019opposition de ses donn\u00e9es personnelles. L\u2019Utilisateu<\/em>r <em>exerce ce droit :<\/em><br><em>\u00b7 par mail \u00e0 l\u2019adresse email contact@aneasante.fr<\/em><br><em>\u00b7 par voie postale au PASSAGE DES ETANGS 92320 CHATILLON  ;<\/em><\/p>\n\n\n\n<p class=\"has-text-color has-link-color wp-elements-3e42ee2795a68e72c6ab77feb6f3749f\" style=\"color:#70ac48\"><strong>ARTICLE 4 : PROPRI\u00c9T\u00c9 INTELLECTUELLE<\/strong><\/p>\n\n\n\n<p class=\"has-black-color has-text-color has-link-color wp-elements-4a1eee6234e84f29f1254742a22ffc8a\"><em>Les marques, logos, signes ainsi que tous les contenus du site (textes, images, son\u2026) font l\u2019objet<\/em> <em>d\u2019une protection par le Code de la propri\u00e9t\u00e9 intellectuelle et plus particuli\u00e8rement par le droit d\u2019auteur.<\/em><br><br><em>L\u2019Utilisateur doit solliciter l\u2019autorisation pr\u00e9alable du site pour toute reproduction, publication, copie<\/em> <em>des diff\u00e9rents contenus. Il s\u2019engage \u00e0 une utilisation des contenus du site dans un cadre strictement<\/em> <em>priv\u00e9, toute utilisation \u00e0 des fins commerciales et publicitaires est strictement interdite.<\/em><br><br><em>Toute repr\u00e9sentation totale ou partielle de ce site par quelque proc\u00e9d\u00e9 que ce soit, sans l\u2019autorisation<\/em> <em>expresse de l\u2019exploitant du site Internet constituerait une contrefa\u00e7on sanctionn\u00e9e par l\u2019article L 335-2<\/em>&nbsp;<em>et suivants du Code de la propri\u00e9t\u00e9 intellectuelle.<\/em><br><br><em>Il est rappel\u00e9 conform\u00e9ment \u00e0 l\u2019article L122-5 du Code de propri\u00e9t\u00e9 intellectuelle que l\u2019Utilisateur qui reproduit, copie ou publie le contenu prot\u00e9g\u00e9 doit citer l\u2019auteur et sa source.<\/em><\/p>\n\n\n\n<p class=\"has-text-color has-link-color wp-elements-85c5236f8ca9ac8140f7ec436f5121c6\" style=\"color:#70ac48\"><strong>ARTICLE 5 : RESPONSABILIT\u00c9<\/strong><\/p>\n\n\n\n<p class=\"has-black-color has-text-color has-link-color wp-elements-2a3e073dfe59c76e648265ff17308cdf\"><em>Les sources des informations diffus\u00e9es sur le site www.aneasante.fr sont r\u00e9put\u00e9es fiables mais le<\/em>&nbsp;<em>site ne garantit pas qu\u2019il soit exempt de d\u00e9fauts, d\u2019erreurs ou d\u2019omissions.<\/em><\/p>\n\n\n\n<p class=\"has-black-color has-text-color has-link-color wp-elements-28eb1e5f5c21ba2aa32c6bed62b1ba11\"><em>Les informations communiqu\u00e9es sont pr\u00e9sent\u00e9es \u00e0 titre indicatif et g\u00e9n\u00e9ral sans valeur contractuelle.<\/em> <em>Malgr\u00e9 des mises \u00e0 jour r\u00e9guli\u00e8res, le site www.aneasante.fr ne peut \u00eatre tenu responsable de la<\/em> <em>modification des dispositions administratives et juridiques survenant apr\u00e8s la publication. De m\u00eame, le<\/em> <em>site ne peut \u00eatre tenue responsable de l\u2019utilisation et de l\u2019interpr\u00e9tation de l\u2019information contenue dans<\/em> <em>ce site.<\/em><br><em>Le site www.aneasante.fr ne peut \u00eatre tenu pour responsable d\u2019\u00e9ventuels virus qui pourraient<\/em>&nbsp;<em>infecter l\u2019ordinateur ou tout mat\u00e9riel informatique de l\u2019Internaute, suite \u00e0 une utilisation, \u00e0 l\u2019acc\u00e8s, ou<\/em>&nbsp;<em>au t\u00e9l\u00e9chargement provenant de ce site.<\/em><\/p>\n\n\n\n<p class=\"has-black-color has-text-color has-link-color wp-elements-40cba3ecc224e2599752d70455f0e398\"><em>La responsabilit\u00e9 du site ne peut \u00eatre engag\u00e9e en cas de force majeure ou du fait impr\u00e9visible et<\/em> <em>insurmontable d\u2019un tiers.<\/em><\/p>\n\n\n\n<p class=\"has-text-color has-link-color wp-elements-8362a4405af0b8bd5c49fb8367e820cf\" style=\"color:#70ac48\"><strong>ARTICLE 6 : LIENS HYPERTEXTES<\/strong><\/p>\n\n\n\n<p class=\"has-black-color has-text-color has-link-color wp-elements-85fe014ff6396f0f2a4122292880d65d\"><em>Des liens hypertextes peuvent \u00eatre pr\u00e9sents sur le site. L\u2019Utilisateur est inform\u00e9 qu\u2019en cliquant sur ces<\/em>&nbsp;<em> liens, il sortira du site www.aneasante.fr. Ce dernier n\u2019a pas de contr\u00f4le sur les pages web sur<\/em> <em>lesquelles aboutissent ces liens et ne saurait, en aucun cas, \u00eatre responsable de leur contenu.<\/em><\/p>\n\n\n\n<p class=\"has-text-color has-link-color wp-elements-868c48faff0fba89806cf27a804c112e\" style=\"color:#70ac48\"><strong>ARTICLE 7 : COOKIES<\/strong><\/p>\n\n\n\n<p class=\"has-black-color has-text-color has-link-color wp-elements-bc4f619063092e4e6ca5801a96a97c42\"><em>L\u2019Utilisateur est inform\u00e9 que lors de ses visites sur le site, un cookie peut s\u2019installer automatiquement<\/em> <em>sur son logiciel de navigation.<\/em>&nbsp;<em>Les cookies sont de petits fichiers stock\u00e9s temporairement sur le disque dur de l\u2019ordinateur de<\/em><em>l\u2019Utilisateur par votre navigateur et qui sont n\u00e9cessaires \u00e0 l\u2019utilisation du site www.aneasante.fr.<\/em>&nbsp;<em>Les cookies ne contiennent pas d\u2019information personnelle et ne peuvent pas \u00eatre utilis\u00e9s pour<\/em>&nbsp;<em>identifier quelqu\u2019un. Un cookie contient un identifiant unique, g\u00e9n\u00e9r\u00e9 al\u00e9atoirement et donc anonyme.<\/em><\/p>\n\n\n\n<p class=\"has-black-color has-text-color has-link-color wp-elements-f9110ac9d4729089ddedda2b7b1b787c\"><em>Certains cookies expirent \u00e0 la fin de la visite de l\u2019Utilisateur, d\u2019autres restent.<\/em><\/p>\n\n\n\n<p class=\"has-black-color has-text-color has-link-color wp-elements-35936057a4d2d8e5e4ab1b9b471de6bd\"><em>L\u2019information contenue dans les cookies est utilis\u00e9e pour am\u00e9liorer le site www.aneasante.fr.<\/em><\/p>\n\n\n\n<p class=\"has-black-color has-text-color has-link-color wp-elements-99eec8b0a0d61ed2a92e2871e41b58d7\"><em>En naviguant sur le site, L\u2019Utilisateur les accepte.<\/em><br><em>L\u2019Utilisateur doit toutefois donner son consentement quant \u00e0 l\u2019utilisation de certains cookies.<\/em>&nbsp;<em>A d\u00e9faut d\u2019acceptation, l\u2019Utilisateur est inform\u00e9 que certaines fonctionnalit\u00e9s ou pages risquent de lui<\/em>&nbsp;<em>\u00eatre refus\u00e9es.<\/em><br><em>L\u2019Utilisateur pourra d\u00e9sactiver ces cookies par l\u2019interm\u00e9diaire des param\u00e8tres figurant au sein de son logiciel de navigation.<\/em><\/p>\n\n\n\n<p class=\"has-text-color has-link-color wp-elements-20ae7648acd5cab809d2de17075a7463\" style=\"color:#70ac48\"><strong>ARTICLE 8 : DROIT APPLICABLE ET JURIDICTION COMP\u00c9TENTE<\/strong><\/p>\n\n\n\n<p class=\"has-black-color has-text-color has-link-color wp-elements-66bc3680619feb4ab2144f8268f20924\"><em>La l\u00e9gislation fran\u00e7aise s\u2019applique au pr\u00e9sent contrat. En cas d\u2019absence de r\u00e9solution amiable d\u2019un<\/em>&nbsp;<em>litige n\u00e9 entre les parties, les tribunaux fran\u00e7ais seront seuls comp\u00e9tents pour en conna\u00eetre.<\/em>&nbsp;<em>Pour toute question relative \u00e0 l\u2019application des pr\u00e9sentes CGU, vous pouvez joindre l\u2019\u00e9diteur aux <\/em><em>coordonn\u00e9es inscrites \u00e0 l\u2019ARTICLE 1.<\/em>&nbsp;<em>CGU r\u00e9alis\u00e9es sur http:\/\/legalplace.fr\/<\/em><\/p>\n","protected":false},"excerpt":{"rendered":"<p>CONDITIONS G\u00c9N\u00c9RALES D\u2019UTILISATIONEn vigueur au 01\/01\/2024 Les pr\u00e9sentes conditions g\u00e9n\u00e9rales d\u2019utilisation (dites \u00ab&nbsp;CGU&nbsp;\u00bb) ont pour objet l\u2019encadrement juridique des modalit\u00e9s de mise \u00e0 disposition du site et des services par IFY et de d\u00e9finir les&nbsp;conditions d\u2019acc\u00e8s et d\u2019utilisation des services par \u00ab&nbsp;l\u2019Utilisateur&nbsp;\u00bb. Les pr\u00e9sentes CGU sont accessibles sur le site \u00e0 la rubrique \u00abCGU\u00bb. ARTICLE [&hellip;]<\/p>\n","protected":false},"author":1,"featured_media":0,"parent":0,"menu_order":0,"comment_status":"closed","ping_status":"closed","template":"","meta":{"inline_featured_image":false,"footnotes":""},"class_list":["post-178","page","type-page","status-publish","hentry"],"_links":{"self":[{"href":"http:\/\/www.aneasante.fr\/index.php\/wp-json\/wp\/v2\/pages\/178","targetHints":{"allow":["GET"]}}],"collection":[{"href":"http:\/\/www.aneasante.fr\/index.php\/wp-json\/wp\/v2\/pages"}],"about":[{"href":"http:\/\/www.aneasante.fr\/index.php\/wp-json\/wp\/v2\/types\/page"}],"author":[{"embeddable":true,"href":"http:\/\/www.aneasante.fr\/index.php\/wp-json\/wp\/v2\/users\/1"}],"replies":[{"embeddable":true,"href":"http:\/\/www.aneasante.fr\/index.php\/wp-json\/wp\/v2\/comments?post=178"}],"version-history":[{"count":8,"href":"http:\/\/www.aneasante.fr\/index.php\/wp-json\/wp\/v2\/pages\/178\/revisions"}],"predecessor-version":[{"id":657,"href":"http:\/\/www.aneasante.fr\/index.php\/wp-json\/wp\/v2\/pages\/178\/revisions\/657"}],"wp:attachment":[{"href":"http:\/\/www.aneasante.fr\/index.php\/wp-json\/wp\/v2\/media?parent=178"}],"curies":[{"name":"wp","href":"https:\/\/api.w.org\/{rel}","templated":true}]}}