{"id":11,"date":"2024-07-09T18:20:28","date_gmt":"2024-07-09T16:20:28","guid":{"rendered":"http:\/\/www.aneasante.fr\/?page_id=11"},"modified":"2024-09-13T12:01:15","modified_gmt":"2024-09-13T10:01:15","slug":"anea-sante","status":"publish","type":"page","link":"https:\/\/www.aneasante.fr\/index.php\/anea-sante\/","title":{"rendered":"Anea Sant\u00e9"},"content":{"rendered":"\n<div class=\"wp-block-group alignfull\" style=\"padding-top:6vw;padding-right:6vw;padding-bottom:6vw;padding-left:6vw;font-size:15px\"><div class=\"wp-block-group__inner-container is-layout-flow wp-block-group-is-layout-flow\">\n<div class=\"wp-block-group is-vertical is-nowrap is-layout-flex wp-container-core-group-is-layout-287ef9cb wp-block-group-is-layout-flex\" style=\"padding-right:0;padding-left:0\">\n<p class=\"has-text-color\" style=\"color:#000000;font-size:6vw;font-style:normal;font-weight:700;letter-spacing:0px;line-height:0.9;text-decoration:none;text-transform:none\">ANEA SANT\u00c9<\/p>\n<\/div>\n\n\n\n<div style=\"height:35px\" aria-hidden=\"true\" class=\"wp-block-spacer\"><\/div>\n\n\n\n<div class=\"wp-block-columns are-vertically-aligned-center is-layout-flex wp-container-core-columns-is-layout-9d6595d7 wp-block-columns-is-layout-flex\">\n<div class=\"wp-block-column is-vertically-aligned-center is-layout-flow wp-block-column-is-layout-flow\" style=\"flex-basis:25%\">\n<h2 class=\"wp-block-heading has-text-align-left\" style=\"color:#4472C3\">ANEA,<span style=\"opacity:0.7\"><br\/> en quelques chiffres<\/span><\/h2>\n<\/div>\n\n\n\n<div class=\"wp-block-column is-vertically-aligned-center counterbox is-layout-flow wp-block-column-is-layout-flow\" style=\"flex-basis:25%\">\n<i class=\"fa-solid fa-house\"><\/i>\n\n\n<div style=\"display:none;\" class=\"counter-box-1\"><p>Cr\u00e9ation en <strong>{counter}<\/strong><\/p><\/div>\n<\/div>\n\n\n\n<div class=\"wp-block-column is-vertically-aligned-center counterbox is-layout-flow wp-block-column-is-layout-flow\" style=\"flex-basis:25%\">\n<i class=\"fa-solid fa-map\"><\/i>\n\n\n<div style=\"display:none;\" class=\"counter-box-2\"><p><strong>{counter}<\/strong> <strong>agences<\/strong> en France<\/p><\/div>\n<\/div>\n\n\n\n<div class=\"wp-block-column is-vertically-aligned-center counterbox is-layout-flow wp-block-column-is-layout-flow\" style=\"flex-basis:25%\">\n<i class=\"fa-solid fa-truck-medical\"><\/i>\n\n\n<div style=\"display:none;\" class=\"counter-box-3\"><p><strong>Intervention en {counter}h<\/strong><\/p><\/div>\n<\/div>\n<\/div>\n\n\n<div class=\"timeline\">\r\n  <div class=\"timeline-progress\"><\/div>\r\n  <div class=\"timeline-item\" data-year=\"2016\" data-city=\"Paris\"><\/div>\r\n  <div class=\"timeline-item\" data-year=\"2018\" data-city=\"Montpellier Bordeaux\"><\/div>\r\n  <div class=\"timeline-item\" data-year=\"2019\" data-city=\"Lille Toulouse\"><\/div>\r\n  <div class=\"timeline-item\" data-year=\"2020\" data-city=\"Lyon Cannes Dunkerque\"><\/div>\r\n \u00a0<div class=\"timeline-item\" data-year=\"2023\" data-city=\"N\u00eemes Amiens\"><\/div>\r\n  <div class=\"timeline-item\" data-year=\"2024\" data-city=\"Caen Valence\"><\/div>\r\n<\/div>\r\n\n\n\n\n<h2 class=\"wp-block-heading\">Bienvenue \u00e0 la d\u00e9couverte d\u2019ANEA, votre partenaire de confiance.<\/h2>\n\n\n\n<div class=\"wp-block-media-text is-stacked-on-mobile\"><figure class=\"wp-block-media-text__media\"><img loading=\"lazy\" decoding=\"async\" width=\"942\" height=\"1024\" src=\"http:\/\/www.aneasante.fr\/wp-content\/uploads\/2024\/08\/cartefranceanea-942x1024.png\" alt=\"\" class=\"wp-image-484 size-full\" srcset=\"https:\/\/www.aneasante.fr\/wp-content\/uploads\/2024\/08\/cartefranceanea-942x1024.png 942w, https:\/\/www.aneasante.fr\/wp-content\/uploads\/2024\/08\/cartefranceanea-276x300.png 276w, https:\/\/www.aneasante.fr\/wp-content\/uploads\/2024\/08\/cartefranceanea-768x835.png 768w, https:\/\/www.aneasante.fr\/wp-content\/uploads\/2024\/08\/cartefranceanea-200x217.png 200w, https:\/\/www.aneasante.fr\/wp-content\/uploads\/2024\/08\/cartefranceanea.png 1312w\" sizes=\"auto, (max-width: 942px) 100vw, 942px\" \/><\/figure><div class=\"wp-block-media-text__content\">\n<p>Depuis notre <strong>cr\u00e9ation en 2016<\/strong>, nous avons construit une entreprise solide et innovante, d\u00e9di\u00e9e \u00e0 offrir une prise en charge de qualit\u00e9 au domicile pour chaque patient.<\/p>\n\n\n\n<p><br>Chez ANEA, nous sommes fiers d\u2019\u00eatre <strong>multi-sp\u00e9cialistes<\/strong>, avec des comp\u00e9tences reconnues en&nbsp;:<\/p>\n\n\n\n<ul class=\"wp-block-list\">\n<li><strong>Apn\u00e9e du sommeil<\/strong><\/li>\n\n\n\n<li><strong>Oncologie<\/strong><\/li>\n\n\n\n<li><strong>G\u00e9riatrie<\/strong><\/li>\n\n\n\n<li><strong>Chirurgie ambulatoire<\/strong><\/li>\n\n\n\n<li><strong>Immunologie<\/strong><\/li>\n<\/ul>\n<\/div><\/div>\n\n\n\n<div style=\"height:35px\" aria-hidden=\"true\" class=\"wp-block-spacer\"><\/div>\n\n\n\n<p>Nous assurons <strong>notre ind\u00e9pendance<\/strong> gr\u00e2ce \u00e0 une hyper croissance et une adaptation aux besoins r\u00e9gionaux. <strong>L\u2019innovation est au c\u0153ur de notre approche<\/strong>, notamment par la phygitalisation des soins \u00e0 domicile qui combine technologie et contact humain.<\/p>\n\n\n\n<p>Certifi\u00e9s \u00ab\u00a0<strong>HappyAtWork<\/strong>\u00a0\u00bb notre souhait est d\u2019attirer et de fid\u00e9liser les meilleurs talents en offrant un environnement de travail \u00e9panouissant.<br><br><a style=\"white-space: normal;\" href=\"https:\/\/happy-at-work.com\/\" target=\"_blank\" rel=\"noreferrer noopener\"><img loading=\"lazy\" decoding=\"async\" width=\"150\" height=\"45\" class=\"wp-image-456\" style=\"width: 150px;\" src=\"http:\/\/www.aneasante.fr\/wp-content\/uploads\/2024\/08\/happy-at-work-index.png.webp\" alt=\"\" srcset=\"https:\/\/www.aneasante.fr\/wp-content\/uploads\/2024\/08\/happy-at-work-index.png.webp 1000w, https:\/\/www.aneasante.fr\/wp-content\/uploads\/2024\/08\/happy-at-work-index.png-300x90.webp 300w, https:\/\/www.aneasante.fr\/wp-content\/uploads\/2024\/08\/happy-at-work-index.png-768x230.webp 768w, https:\/\/www.aneasante.fr\/wp-content\/uploads\/2024\/08\/happy-at-work-index.png-200x60.webp 200w\" sizes=\"auto, (max-width: 150px) 100vw, 150px\" \/><\/a><br><br>ANEA souhaite recruter et fid\u00e9liser les meilleurs talents et d\u00e9ploie un mod\u00e8le de management bas\u00e9 sur l\u2019autonomie, l\u2019\u00e9coute et la confiance. Nous souhaitons stimuler l\u2019ambition en offrant des chemins de carri\u00e8re \u00e9volutifs.<\/p>\n\n\n\n<p><strong>ANEAcademy<\/strong><br>ANEA a cr\u00e9\u00e9 un organisme interne permettant de booster les carri\u00e8res de nos talents au travers trois missions&nbsp;:<\/p>\n\n\n\n<ul class=\"wp-block-list\">\n<li>Positionner ANEA comme le partenaire agile et innovant du domicile des patients<\/li>\n\n\n\n<li>Dimensionner un parcours de formation et de mont\u00e9e en comp\u00e9tences des d\u00e9l\u00e9gu\u00e9s hospitaliers<\/li>\n\n\n\n<li>Animer une communaut\u00e9 scientifique et technique au travers des club m\u00e9tier<\/li>\n<\/ul>\n\n\n\n<div style=\"height:50px\" aria-hidden=\"true\" class=\"wp-block-spacer\"><\/div>\n\n\n\n<div class=\"wp-block-media-text has-media-on-the-right is-stacked-on-mobile is-image-fill\"><div class=\"wp-block-media-text__content\">\n<h2 class=\"wp-block-heading has-large-font-size\"><strong>Notre Histoire<\/strong><\/h2>\n\n\n\n<p class=\"has-text-color\" style=\"color:#000000;font-size:16px\">ANEA a \u00e9t\u00e9 fond\u00e9e en 2016, suite \u00e0 une exp\u00e9rience personnelle d\u00e9cevante d\u2019un de nos fondateurs avec les PSAD majeurs.<br><br>Apr\u00e8s 12 mois d\u2019interview terrain avec des acteurs de l\u2019oncologie en Ile de France, nous<br>avons dimensionn\u00e9 notre offre pour <strong>r\u00e9pondre aux besoins r\u00e9els des patients et des professionnels de sant\u00e9.<\/strong><br><br>Aujourd\u2019hui, nous comptons 12 agences r\u00e9parties dans toute la France, chacune op\u00e9rant dans un rayon d\u20191h30 autour de sa base&nbsp;:<\/p>\n\n\n\n<ul class=\"wp-block-list\">\n<li>2016&nbsp;: Paris,<\/li>\n\n\n\n<li>2018&nbsp;: Montpellier &amp; Bordeaux,<\/li>\n\n\n\n<li>2019&nbsp;: Lille &amp; Toulouse,<\/li>\n\n\n\n<li>2020&nbsp;: Lyon, Cannes &amp; Dunkerque,<\/li>\n\n\n\n<li>2023&nbsp;: N\u00eemes &amp; Amiens,<\/li>\n\n\n\n<li>2024&nbsp;: Caen &amp; Valence<\/li>\n<\/ul>\n<\/div><figure class=\"wp-block-media-text__media\" style=\"background-image:url(http:\/\/www.aneasante.fr\/wp-content\/uploads\/2024\/07\/realistic-scene-with-elderly-car-1024x683.jpg);background-position:50% 50%\"><img loading=\"lazy\" decoding=\"async\" width=\"1024\" height=\"683\" src=\"http:\/\/www.aneasante.fr\/wp-content\/uploads\/2024\/07\/realistic-scene-with-elderly-car-1024x683.jpg\" alt=\"\" class=\"wp-image-183 size-full\" srcset=\"https:\/\/www.aneasante.fr\/wp-content\/uploads\/2024\/07\/realistic-scene-with-elderly-car-1024x683.jpg 1024w, https:\/\/www.aneasante.fr\/wp-content\/uploads\/2024\/07\/realistic-scene-with-elderly-car-300x200.jpg 300w, https:\/\/www.aneasante.fr\/wp-content\/uploads\/2024\/07\/realistic-scene-with-elderly-car-768x512.jpg 768w, https:\/\/www.aneasante.fr\/wp-content\/uploads\/2024\/07\/realistic-scene-with-elderly-car-1536x1024.jpg 1536w, https:\/\/www.aneasante.fr\/wp-content\/uploads\/2024\/07\/realistic-scene-with-elderly-car.jpg 1680w\" sizes=\"auto, (max-width: 1024px) 100vw, 1024px\" \/><\/figure><\/div>\n\n\n\n<div style=\"height:50px\" aria-hidden=\"true\" class=\"wp-block-spacer\"><\/div>\n\n\n\n<div class=\"wp-block-media-text is-stacked-on-mobile is-image-fill\"><figure class=\"wp-block-media-text__media\" style=\"background-image:url(http:\/\/www.aneasante.fr\/wp-content\/uploads\/2024\/07\/Design-sans-titre-2.png);background-position:82% 50%\"><img loading=\"lazy\" decoding=\"async\" width=\"600\" height=\"400\" src=\"http:\/\/www.aneasante.fr\/wp-content\/uploads\/2024\/07\/Design-sans-titre-2.png\" alt=\"\" class=\"wp-image-210 size-full\" srcset=\"https:\/\/www.aneasante.fr\/wp-content\/uploads\/2024\/07\/Design-sans-titre-2.png 600w, https:\/\/www.aneasante.fr\/wp-content\/uploads\/2024\/07\/Design-sans-titre-2-300x200.png 300w\" sizes=\"auto, (max-width: 600px) 100vw, 600px\" \/><\/figure><div class=\"wp-block-media-text__content\">\n<h2 class=\"wp-block-heading has-large-font-size\"><strong>Nos ambitions<\/strong><\/h2>\n\n\n\n<p class=\"has-text-color\" style=\"color:#000000;font-size:16px\">\u2713&nbsp;Rester ind\u00e9pendant<br><br>\u2713&nbsp;Offrir une couverture nationale<br><br>\u2713&nbsp;D\u00e9ployer notre expertise sur la gestion du syst\u00e8me immunitaire<br><br>\u2713&nbsp;\u00catre un incubateur de talents et disposer des meilleurs experts<br><br>\u2713&nbsp;Offrir la possibilit\u00e9 de r\u00e9aliser des projets innovants<\/p>\n<\/div><\/div>\n\n\n\n<div style=\"height:50px\" aria-hidden=\"true\" class=\"wp-block-spacer\"><\/div>\n\n\n\n<h2 class=\"wp-block-heading has-large-font-size\"><strong>Rejoignez-nous<\/strong><\/h2>\n\n\n\n<p style=\"font-size:16px\">Nous croyons fermement que les soins \u00e0 domicile sont b\u00e9n\u00e9fiques pour les patients. <br>Chez An\u00e9a, nous offrons un environnement de travail \u00e9panouissant avec des opportunit\u00e9s d&rsquo;\u00e9volution gr\u00e2ce \u00e0 notre croissance continue. Nos \u00e9quipes sont attach\u00e9es \u00e0 l\u2019entreprise et b\u00e9n\u00e9ficient de carri\u00e8res longues, de la possibilit\u00e9 de t\u00e9l\u00e9travail, et de r\u00e9mun\u00e9rations attractives. <br><br><strong>Rejoignez-nous<\/strong> et participez \u00e0 cette aventure humaine et professionnelle unique, o\u00f9 votre talent et votre passion feront la diff\u00e9rence au quotidien. Ensemble, nous construisons l\u2019avenir des soins \u00e0 domicile.<\/p>\n\n\n\n<p style=\"font-size:16px\"><\/p>\n\n\n\n<div class=\"wp-block-eds-animate-it-block eds-animate-block-save\"><div class=\"eds-animate animated   \" data-eds-entry-animation=\"pulse\" data-eds-entry-delay=\"0.5\" data-eds-entry-duration=\"0.5\" data-eds-entry-timing=\"linear\" data-eds-exit-animation=\"\" data-eds-exit-delay=\"1.5\" data-eds-exit-duration=\"0.5\" data-eds-exit-timing=\"linear\" data-eds-repeat-count=\"2\" data-eds-keep=\"no\" data-eds-animate-on=\"hover\" data-eds-scroll-offset=\"\">\n<h3 class=\"wp-block-heading has-text-align-center ctaheader has-black-color has-text-color has-link-color has-medium-font-size wp-elements-a411529e7175f2d0edb12ed09b808146\">&gt;&gt; <a href=\"http:\/\/www.aneasante.fr\/index.php\/nos-offres\/\" data-type=\"page\" data-id=\"16\">D\u00e9couvrez nos offres d&#8217;emplois<\/a> &lt;&lt;<\/h3>\n<\/div><\/div>\n<\/div><\/div>\n","protected":false},"excerpt":{"rendered":"<p>ANEA SANT\u00c9 ANEA, en quelques chiffres Bienvenue \u00e0 la d\u00e9couverte d\u2019ANEA, votre partenaire de confiance. Depuis notre cr\u00e9ation en 2016, nous avons construit une entreprise solide et innovante, d\u00e9di\u00e9e \u00e0 offrir une prise en charge de qualit\u00e9 au domicile pour chaque patient. Chez ANEA, nous sommes fiers d\u2019\u00eatre multi-sp\u00e9cialistes, avec des comp\u00e9tences reconnues en&nbsp;: Nous [&hellip;]<\/p>\n","protected":false},"author":1,"featured_media":0,"parent":0,"menu_order":0,"comment_status":"closed","ping_status":"closed","template":"","meta":{"inline_featured_image":false,"footnotes":""},"class_list":["post-11","page","type-page","status-publish","hentry"],"_links":{"self":[{"href":"https:\/\/www.aneasante.fr\/index.php\/wp-json\/wp\/v2\/pages\/11","targetHints":{"allow":["GET"]}}],"collection":[{"href":"https:\/\/www.aneasante.fr\/index.php\/wp-json\/wp\/v2\/pages"}],"about":[{"href":"https:\/\/www.aneasante.fr\/index.php\/wp-json\/wp\/v2\/types\/page"}],"author":[{"embeddable":true,"href":"https:\/\/www.aneasante.fr\/index.php\/wp-json\/wp\/v2\/users\/1"}],"replies":[{"embeddable":true,"href":"https:\/\/www.aneasante.fr\/index.php\/wp-json\/wp\/v2\/comments?post=11"}],"version-history":[{"count":140,"href":"https:\/\/www.aneasante.fr\/index.php\/wp-json\/wp\/v2\/pages\/11\/revisions"}],"predecessor-version":[{"id":586,"href":"https:\/\/www.aneasante.fr\/index.php\/wp-json\/wp\/v2\/pages\/11\/revisions\/586"}],"wp:attachment":[{"href":"https:\/\/www.aneasante.fr\/index.php\/wp-json\/wp\/v2\/media?parent=11"}],"curies":[{"name":"wp","href":"https:\/\/api.w.org\/{rel}","templated":true}]}}